{"version":"1.0","provider_name":"Immoschwab SA \u00e0 Morat et Aarberg","provider_url":"https:\/\/www.immoschwab.ch\/fr\/","author_name":"Immoschwab","author_url":"https:\/\/www.immoschwab.ch\/fr\/author\/immoschwab_ag\/","title":"Objet \u00e0 louer \u2013 Attention, pr\u00eat, habiter ! &#8211; Immoschwab SA \u00e0 Morat et Aarberg","type":"rich","width":600,"height":338,"html":"<blockquote class=\"wp-embedded-content\" data-secret=\"HcsUwpn6ur\"><a href=\"https:\/\/www.immoschwab.ch\/fr\/objekt\/attention-pret-habiter\/\">Attention, pr\u00eat, habiter !<\/a><\/blockquote><iframe sandbox=\"allow-scripts\" security=\"restricted\" src=\"https:\/\/www.immoschwab.ch\/fr\/objekt\/attention-pret-habiter\/embed\/#?secret=HcsUwpn6ur\" width=\"600\" height=\"338\" title=\"\u00ab\u00a0Attention, pr\u00eat, habiter !\u00a0\u00bb &#8212; Immoschwab SA \u00e0 Morat et Aarberg\" data-secret=\"HcsUwpn6ur\" frameborder=\"0\" marginwidth=\"0\" marginheight=\"0\" scrolling=\"no\" class=\"wp-embedded-content\"><\/iframe><script>\n\/*! This file is auto-generated *\/\n!function(d,l){\"use strict\";l.querySelector&&d.addEventListener&&\"undefined\"!=typeof URL&&(d.wp=d.wp||{},d.wp.receiveEmbedMessage||(d.wp.receiveEmbedMessage=function(e){var t=e.data;if((t||t.secret||t.message||t.value)&&!\/[^a-zA-Z0-9]\/.test(t.secret)){for(var s,r,n,a=l.querySelectorAll('iframe[data-secret=\"'+t.secret+'\"]'),o=l.querySelectorAll('blockquote[data-secret=\"'+t.secret+'\"]'),c=new RegExp(\"^https?:$\",\"i\"),i=0;i<o.length;i++)o[i].style.display=\"none\";for(i=0;i<a.length;i++)s=a[i],e.source===s.contentWindow&&(s.removeAttribute(\"style\"),\"height\"===t.message?(1e3<(r=parseInt(t.value,10))?r=1e3:~~r<200&&(r=200),s.height=r):\"link\"===t.message&&(r=new URL(s.getAttribute(\"src\")),n=new URL(t.value),c.test(n.protocol))&&n.host===r.host&&l.activeElement===s&&(d.top.location.href=t.value))}},d.addEventListener(\"message\",d.wp.receiveEmbedMessage,!1),l.addEventListener(\"DOMContentLoaded\",function(){for(var e,t,s=l.querySelectorAll(\"iframe.wp-embedded-content\"),r=0;r<s.length;r++)(t=(e=s[r]).getAttribute(\"data-secret\"))||(t=Math.random().toString(36).substring(2,12),e.src+=\"#?secret=\"+t,e.setAttribute(\"data-secret\",t)),e.contentWindow.postMessage({message:\"ready\",secret:t},\"*\")},!1)))}(window,document);\n\/\/# sourceURL=https:\/\/www.immoschwab.ch\/wp-includes\/js\/wp-embed.min.js\n<\/script>\n","thumbnail_url":"https:\/\/www.immoschwab.ch\/wp-content\/uploads\/2026\/03\/Liegenschaft-scaled.jpg","thumbnail_width":2048,"thumbnail_height":1366,"description":"Nous louons pour le 16 juin 2026 un appartement confortable de 3 pi\u00e8ces au 1er \u00e9tage dans un endroit calme \u00e0 Aegerten. L'appartement convainc par son plan pratique et son atmosph\u00e8re agr\u00e9able. L'espace cuisine ouvert avec coin repas est \u00e9quip\u00e9 de carrelages faciles \u00e0 entretenir et offre suffisamment de place pour cuisiner et se d\u00e9tendre. [&hellip;]"}

Immoschwab SA à Morat et Aarberg

Objet à louer – Attention, prêt, habiter ! &#8211; Immoschwab SA à Morat et Aarberg

<blockquote class="wp-embedded-content" data-secret="HcsUwpn6ur"><a href="https://www.immoschwab.ch/fr/objekt/attention-pret-habiter/">Attention, prêt, habiter !</a></blockquote><iframe sandbox="allow-scripts" security="restricted" src="https://www.immoschwab.ch/fr/objekt/attention-pret-habiter/embed/#?secret=HcsUwpn6ur" width="600" height="338" title="« Attention, prêt, habiter ! » &#8212; Immoschwab SA à Morat et Aarberg" data-secret="HcsUwpn6ur" frameborder="0" marginwidth="0" marginheight="0" scrolling="no" class="wp-embedded-content"></iframe><script>
/*! This file is auto-generated */
!function(d,l){"use strict";l.querySelector&&d.addEventListener&&"undefined"!=typeof URL&&(d.wp=d.wp||{},d.wp.receiveEmbedMessage||(d.wp.receiveEmbedMessage=function(e){var t=e.data;if((t||t.secret||t.message||t.value)&&!/[^a-zA-Z0-9]/.test(t.secret)){for(var s,r,n,a=l.querySelectorAll('iframe[data-secret="'+t.secret+'"]'),o=l.querySelectorAll('blockquote[data-secret="'+t.secret+'"]'),c=new RegExp("^https?:$","i"),i=0;i<o.length;i++)o[i].style.display="none";for(i=0;i<a.length;i++)s=a[i],e.source===s.contentWindow&&(s.removeAttribute("style"),"height"===t.message?(1e3<(r=parseInt(t.value,10))?r=1e3:~~r<200&&(r=200),s.height=r):"link"===t.message&&(r=new URL(s.getAttribute("src")),n=new URL(t.value),c.test(n.protocol))&&n.host===r.host&&l.activeElement===s&&(d.top.location.href=t.value))}},d.addEventListener("message",d.wp.receiveEmbedMessage,!1),l.addEventListener("DOMContentLoaded",function(){for(var e,t,s=l.querySelectorAll("iframe.wp-embedded-content"),r=0;r<s.length;r++)(t=(e=s[r]).getAttribute("data-secret"))||(t=Math.random().toString(36).substring(2,12),e.src+="#?secret="+t,e.setAttribute("data-secret",t)),e.contentWindow.postMessage({message:"ready",secret:t},"*")},!1)))}(window,document);
//# sourceURL=https://www.immoschwab.ch/wp-includes/js/wp-embed.min.js
</script>

Nous louons pour le 16 juin 2026 un appartement confortable de 3 pièces au 1er étage dans un endroit calme à Aegerten. L'appartement convainc par son plan pratique et son atmosphère agréable. L'espace cuisine ouvert avec coin repas est équipé de carrelages faciles à entretenir et offre suffisamment de place pour cuisiner et se détendre. [&hellip;]
