{"id":21757,"date":"2025-09-12T08:13:14","date_gmt":"2025-09-12T06:13:14","guid":{"rendered":"https:\/\/www.immoschwab.ch\/?post_type=objekte&#038;p=21757"},"modified":"2026-02-24T11:44:34","modified_gmt":"2026-02-24T10:44:34","slug":"mon-appartement-mon-paradis","status":"publish","type":"objekte","link":"https:\/\/www.immoschwab.ch\/fr\/objekt\/mon-appartement-mon-paradis\/","title":{"rendered":"Mon appartement. mon paradis."},"content":{"rendered":"<p>\u00c0 partir du 1er decembre 2025 nous louons un appartement de 4.5 pi\u00e8ces \u00e0 M\u00fbr (canton de Vaud).<\/p>\n<p>L'appartement r\u00e9nov\u00e9 en 2014 couvre une surface de 119 m2. La cuisine ouverte et moderne avec le salon spacieux d\u00e9gage beaucoup de chaleur ! Surtout la chemin\u00e9e dans le s\u00e9jours donne possibilit\u00e9 de passer de moments de bien \u00eatre et vous invite \u00e0 rester.<\/p>\n<p>Dans toutes les chambres un carrlage est pos\u00e9 au sol. La salle de bains dispose de sa propre machine \u00e0 laver et s\u00e8che-linge.<\/p>\n<p>Depuis l'appartement, vous pouvez profiter d'une vue magnifique sur la campagne et le lac de Morat! Profitez de cette vue depuis le balcon de 14 m2 avec acc\u00e8s direct au rez-de-chauss\u00e9e ou au jardin commun !<\/p>\n<p>Deux places de parc peuvent \u00eatre lou\u00e9es supplementaire \u00e0 frs 50.00\/par mois et place.<\/p>\n<p>Contactez-nous. Avec plaisir nous vous montrons ce bel appartement.<\/p>\n","protected":false},"featured_media":21753,"template":"","objektstandort":[246],"objektart":[76],"verkaufsart":[77],"class_list":["post-21757","objekte","type-objekte","status-publish","has-post-thumbnail","hentry","objektstandort-mur-3-fr","objektart-wohnung-fr","verkaufsart-mieten-fr"],"acf":[],"yoast_head":"<!-- This site is optimized with the Yoast SEO plugin v27.4 - https:\/\/yoast.com\/product\/yoast-seo-wordpress\/ -->\n<title>Objet \u00e0 louer \u2013 Mon appartement. mon paradis. &#8211; Immoschwab SA \u00e0 Morat et Aarberg<\/title>\n<meta name=\"robots\" content=\"index, follow, max-snippet:-1, max-image-preview:large, max-video-preview:-1\" \/>\n<link rel=\"canonical\" href=\"https:\/\/www.immoschwab.ch\/fr\/objekt\/mon-appartement-mon-paradis\/\" \/>\n<meta property=\"og:locale\" content=\"fr_FR\" \/>\n<meta property=\"og:type\" content=\"article\" \/>\n<meta property=\"og:title\" content=\"Objet \u00e0 louer \u2013 Mon appartement. mon paradis. &#8211; Immoschwab SA \u00e0 Morat et Aarberg\" \/>\n<meta property=\"og:description\" content=\"\u00c0 partir du 1er decembre 2025 nous louons un appartement de 4.5 pi\u00e8ces \u00e0 M\u00fbr (canton de Vaud). L&#039;appartement r\u00e9nov\u00e9 en 2014 couvre une surface de 119 m2. La cuisine ouverte et moderne avec le salon spacieux d\u00e9gage beaucoup de chaleur ! Surtout la chemin\u00e9e dans le s\u00e9jours donne possibilit\u00e9 de passer de moments de [&hellip;]\" \/>\n<meta property=\"og:url\" content=\"https:\/\/www.immoschwab.ch\/fr\/objekt\/mon-appartement-mon-paradis\/\" \/>\n<meta property=\"og:site_name\" content=\"Immoschwab SA \u00e0 Morat et Aarberg\" \/>\n<meta property=\"article:publisher\" content=\"https:\/\/www.facebook.com\/immoschwabag\/\" \/>\n<meta property=\"article:modified_time\" content=\"2026-02-24T10:44:34+00:00\" \/>\n<meta property=\"og:image\" content=\"https:\/\/www.immoschwab.ch\/wp-content\/uploads\/2025\/09\/Aussicht-scaled.jpg\" \/>\n\t<meta property=\"og:image:width\" content=\"2048\" \/>\n\t<meta property=\"og:image:height\" content=\"1536\" \/>\n\t<meta property=\"og:image:type\" content=\"image\/jpeg\" \/>\n<meta name=\"twitter:card\" content=\"summary_large_image\" \/>\n<meta name=\"twitter:label1\" content=\"Dur\u00e9e de lecture estim\u00e9e\" \/>\n\t<meta name=\"twitter:data1\" content=\"1 minute\" \/>\n<script type=\"application\/ld+json\" class=\"yoast-schema-graph\">{\"@context\":\"https:\\\/\\\/schema.org\",\"@graph\":[{\"@type\":\"WebPage\",\"@id\":\"https:\\\/\\\/www.immoschwab.ch\\\/fr\\\/objekt\\\/mon-appartement-mon-paradis\\\/\",\"url\":\"https:\\\/\\\/www.immoschwab.ch\\\/fr\\\/objekt\\\/mon-appartement-mon-paradis\\\/\",\"name\":\"Objet \u00e0 louer \u2013 Mon appartement. mon paradis. &#8211; Immoschwab SA \u00e0 Morat et Aarberg\",\"isPartOf\":{\"@id\":\"https:\\\/\\\/www.immoschwab.ch\\\/fr\\\/#website\"},\"primaryImageOfPage\":{\"@id\":\"https:\\\/\\\/www.immoschwab.ch\\\/fr\\\/objekt\\\/mon-appartement-mon-paradis\\\/#primaryimage\"},\"image\":{\"@id\":\"https:\\\/\\\/www.immoschwab.ch\\\/fr\\\/objekt\\\/mon-appartement-mon-paradis\\\/#primaryimage\"},\"thumbnailUrl\":\"https:\\\/\\\/www.immoschwab.ch\\\/wp-content\\\/uploads\\\/2025\\\/09\\\/Aussicht-scaled.jpg\",\"datePublished\":\"2025-09-12T06:13:14+00:00\",\"dateModified\":\"2026-02-24T10:44:34+00:00\",\"breadcrumb\":{\"@id\":\"https:\\\/\\\/www.immoschwab.ch\\\/fr\\\/objekt\\\/mon-appartement-mon-paradis\\\/#breadcrumb\"},\"inLanguage\":\"fr-FR\",\"potentialAction\":[{\"@type\":\"ReadAction\",\"target\":[\"https:\\\/\\\/www.immoschwab.ch\\\/fr\\\/objekt\\\/mon-appartement-mon-paradis\\\/\"]}]},{\"@type\":\"ImageObject\",\"inLanguage\":\"fr-FR\",\"@id\":\"https:\\\/\\\/www.immoschwab.ch\\\/fr\\\/objekt\\\/mon-appartement-mon-paradis\\\/#primaryimage\",\"url\":\"https:\\\/\\\/www.immoschwab.ch\\\/wp-content\\\/uploads\\\/2025\\\/09\\\/Aussicht-scaled.jpg\",\"contentUrl\":\"https:\\\/\\\/www.immoschwab.ch\\\/wp-content\\\/uploads\\\/2025\\\/09\\\/Aussicht-scaled.jpg\",\"width\":2048,\"height\":1536},{\"@type\":\"BreadcrumbList\",\"@id\":\"https:\\\/\\\/www.immoschwab.ch\\\/fr\\\/objekt\\\/mon-appartement-mon-paradis\\\/#breadcrumb\",\"itemListElement\":[{\"@type\":\"ListItem\",\"position\":1,\"name\":\"Home\",\"item\":\"https:\\\/\\\/www.immoschwab.ch\\\/fr\\\/\"},{\"@type\":\"ListItem\",\"position\":2,\"name\":\"Objet \u00e0 louer\",\"item\":\"https:\\\/\\\/www.immoschwab.ch\\\/fr\\\/verkaufsart\\\/mieten-fr\\\/\"},{\"@type\":\"ListItem\",\"position\":3,\"name\":\"Mon appartement. mon paradis.\"}]},{\"@type\":\"WebSite\",\"@id\":\"https:\\\/\\\/www.immoschwab.ch\\\/fr\\\/#website\",\"url\":\"https:\\\/\\\/www.immoschwab.ch\\\/fr\\\/\",\"name\":\"Immoschwab SA \u00e0 Morat et Aarberg\",\"description\":\"\",\"publisher\":{\"@id\":\"https:\\\/\\\/www.immoschwab.ch\\\/fr\\\/#organization\"},\"potentialAction\":[{\"@type\":\"SearchAction\",\"target\":{\"@type\":\"EntryPoint\",\"urlTemplate\":\"https:\\\/\\\/www.immoschwab.ch\\\/fr\\\/?s={search_term_string}\"},\"query-input\":{\"@type\":\"PropertyValueSpecification\",\"valueRequired\":true,\"valueName\":\"search_term_string\"}}],\"inLanguage\":\"fr-FR\"},{\"@type\":\"Organization\",\"@id\":\"https:\\\/\\\/www.immoschwab.ch\\\/fr\\\/#organization\",\"name\":\"Immoschwab AG\",\"url\":\"https:\\\/\\\/www.immoschwab.ch\\\/fr\\\/\",\"logo\":{\"@type\":\"ImageObject\",\"inLanguage\":\"fr-FR\",\"@id\":\"https:\\\/\\\/www.immoschwab.ch\\\/fr\\\/#\\\/schema\\\/logo\\\/image\\\/\",\"url\":\"https:\\\/\\\/www.immoschwab.ch\\\/wp-content\\\/uploads\\\/2023\\\/08\\\/logo-immoschwab-color.svg\",\"contentUrl\":\"https:\\\/\\\/www.immoschwab.ch\\\/wp-content\\\/uploads\\\/2023\\\/08\\\/logo-immoschwab-color.svg\",\"width\":291,\"height\":65,\"caption\":\"Immoschwab AG\"},\"image\":{\"@id\":\"https:\\\/\\\/www.immoschwab.ch\\\/fr\\\/#\\\/schema\\\/logo\\\/image\\\/\"},\"sameAs\":[\"https:\\\/\\\/www.facebook.com\\\/immoschwabag\\\/\",\"https:\\\/\\\/www.instagram.com\\\/immoschwabag\\\/\",\"https:\\\/\\\/www.linkedin.com\\\/company\\\/immoschwab-ag\\\/\"]}]}<\/script>\n<!-- \/ Yoast SEO plugin. -->","yoast_head_json":{"title":"Objet \u00e0 louer \u2013 Mon appartement. mon paradis. &#8211; Immoschwab SA \u00e0 Morat et Aarberg","robots":{"index":"index","follow":"follow","max-snippet":"max-snippet:-1","max-image-preview":"max-image-preview:large","max-video-preview":"max-video-preview:-1"},"canonical":"https:\/\/www.immoschwab.ch\/fr\/objekt\/mon-appartement-mon-paradis\/","og_locale":"fr_FR","og_type":"article","og_title":"Objet \u00e0 louer \u2013 Mon appartement. mon paradis. &#8211; Immoschwab SA \u00e0 Morat et Aarberg","og_description":"\u00c0 partir du 1er decembre 2025 nous louons un appartement de 4.5 pi\u00e8ces \u00e0 M\u00fbr (canton de Vaud). L'appartement r\u00e9nov\u00e9 en 2014 couvre une surface de 119 m2. La cuisine ouverte et moderne avec le salon spacieux d\u00e9gage beaucoup de chaleur ! Surtout la chemin\u00e9e dans le s\u00e9jours donne possibilit\u00e9 de passer de moments de [&hellip;]","og_url":"https:\/\/www.immoschwab.ch\/fr\/objekt\/mon-appartement-mon-paradis\/","og_site_name":"Immoschwab SA \u00e0 Morat et Aarberg","article_publisher":"https:\/\/www.facebook.com\/immoschwabag\/","article_modified_time":"2026-02-24T10:44:34+00:00","og_image":[{"width":2048,"height":1536,"url":"https:\/\/www.immoschwab.ch\/wp-content\/uploads\/2025\/09\/Aussicht-scaled.jpg","type":"image\/jpeg"}],"twitter_card":"summary_large_image","twitter_misc":{"Dur\u00e9e de lecture estim\u00e9e":"1 minute"},"schema":{"@context":"https:\/\/schema.org","@graph":[{"@type":"WebPage","@id":"https:\/\/www.immoschwab.ch\/fr\/objekt\/mon-appartement-mon-paradis\/","url":"https:\/\/www.immoschwab.ch\/fr\/objekt\/mon-appartement-mon-paradis\/","name":"Objet \u00e0 louer \u2013 Mon appartement. mon paradis. &#8211; Immoschwab SA \u00e0 Morat et Aarberg","isPartOf":{"@id":"https:\/\/www.immoschwab.ch\/fr\/#website"},"primaryImageOfPage":{"@id":"https:\/\/www.immoschwab.ch\/fr\/objekt\/mon-appartement-mon-paradis\/#primaryimage"},"image":{"@id":"https:\/\/www.immoschwab.ch\/fr\/objekt\/mon-appartement-mon-paradis\/#primaryimage"},"thumbnailUrl":"https:\/\/www.immoschwab.ch\/wp-content\/uploads\/2025\/09\/Aussicht-scaled.jpg","datePublished":"2025-09-12T06:13:14+00:00","dateModified":"2026-02-24T10:44:34+00:00","breadcrumb":{"@id":"https:\/\/www.immoschwab.ch\/fr\/objekt\/mon-appartement-mon-paradis\/#breadcrumb"},"inLanguage":"fr-FR","potentialAction":[{"@type":"ReadAction","target":["https:\/\/www.immoschwab.ch\/fr\/objekt\/mon-appartement-mon-paradis\/"]}]},{"@type":"ImageObject","inLanguage":"fr-FR","@id":"https:\/\/www.immoschwab.ch\/fr\/objekt\/mon-appartement-mon-paradis\/#primaryimage","url":"https:\/\/www.immoschwab.ch\/wp-content\/uploads\/2025\/09\/Aussicht-scaled.jpg","contentUrl":"https:\/\/www.immoschwab.ch\/wp-content\/uploads\/2025\/09\/Aussicht-scaled.jpg","width":2048,"height":1536},{"@type":"BreadcrumbList","@id":"https:\/\/www.immoschwab.ch\/fr\/objekt\/mon-appartement-mon-paradis\/#breadcrumb","itemListElement":[{"@type":"ListItem","position":1,"name":"Home","item":"https:\/\/www.immoschwab.ch\/fr\/"},{"@type":"ListItem","position":2,"name":"Objet \u00e0 louer","item":"https:\/\/www.immoschwab.ch\/fr\/verkaufsart\/mieten-fr\/"},{"@type":"ListItem","position":3,"name":"Mon appartement. mon paradis."}]},{"@type":"WebSite","@id":"https:\/\/www.immoschwab.ch\/fr\/#website","url":"https:\/\/www.immoschwab.ch\/fr\/","name":"Immoschwab SA \u00e0 Morat et Aarberg","description":"","publisher":{"@id":"https:\/\/www.immoschwab.ch\/fr\/#organization"},"potentialAction":[{"@type":"SearchAction","target":{"@type":"EntryPoint","urlTemplate":"https:\/\/www.immoschwab.ch\/fr\/?s={search_term_string}"},"query-input":{"@type":"PropertyValueSpecification","valueRequired":true,"valueName":"search_term_string"}}],"inLanguage":"fr-FR"},{"@type":"Organization","@id":"https:\/\/www.immoschwab.ch\/fr\/#organization","name":"Immoschwab AG","url":"https:\/\/www.immoschwab.ch\/fr\/","logo":{"@type":"ImageObject","inLanguage":"fr-FR","@id":"https:\/\/www.immoschwab.ch\/fr\/#\/schema\/logo\/image\/","url":"https:\/\/www.immoschwab.ch\/wp-content\/uploads\/2023\/08\/logo-immoschwab-color.svg","contentUrl":"https:\/\/www.immoschwab.ch\/wp-content\/uploads\/2023\/08\/logo-immoschwab-color.svg","width":291,"height":65,"caption":"Immoschwab AG"},"image":{"@id":"https:\/\/www.immoschwab.ch\/fr\/#\/schema\/logo\/image\/"},"sameAs":["https:\/\/www.facebook.com\/immoschwabag\/","https:\/\/www.instagram.com\/immoschwabag\/","https:\/\/www.linkedin.com\/company\/immoschwab-ag\/"]}]}},"_links":{"self":[{"href":"https:\/\/www.immoschwab.ch\/fr\/wp-json\/wp\/v2\/objekte\/21757","targetHints":{"allow":["GET"]}}],"collection":[{"href":"https:\/\/www.immoschwab.ch\/fr\/wp-json\/wp\/v2\/objekte"}],"about":[{"href":"https:\/\/www.immoschwab.ch\/fr\/wp-json\/wp\/v2\/types\/objekte"}],"wp:featuredmedia":[{"embeddable":true,"href":"https:\/\/www.immoschwab.ch\/fr\/wp-json\/wp\/v2\/media\/21753"}],"wp:attachment":[{"href":"https:\/\/www.immoschwab.ch\/fr\/wp-json\/wp\/v2\/media?parent=21757"}],"wp:term":[{"taxonomy":"objektstandort","embeddable":true,"href":"https:\/\/www.immoschwab.ch\/fr\/wp-json\/wp\/v2\/objektstandort?post=21757"},{"taxonomy":"objektart","embeddable":true,"href":"https:\/\/www.immoschwab.ch\/fr\/wp-json\/wp\/v2\/objektart?post=21757"},{"taxonomy":"verkaufsart","embeddable":true,"href":"https:\/\/www.immoschwab.ch\/fr\/wp-json\/wp\/v2\/verkaufsart?post=21757"}],"curies":[{"name":"wp","href":"https:\/\/api.w.org\/{rel}","templated":true}]}}

<p>À partir du 1er decembre 2025 nous louons un appartement de 4.5 pièces à Mûr (canton de Vaud).</p>
<p>L'appartement rénové en 2014 couvre une surface de 119 m2. La cuisine ouverte et moderne avec le salon spacieux dégage beaucoup de chaleur ! Surtout la cheminée dans le séjours donne possibilité de passer de moments de bien être et vous invite à rester.</p>
<p>Dans toutes les chambres un carrlage est posé au sol. La salle de bains dispose de sa propre machine à laver et sèche-linge.</p>
<p>Depuis l'appartement, vous pouvez profiter d'une vue magnifique sur la campagne et le lac de Morat! Profitez de cette vue depuis le balcon de 14 m2 avec accès direct au rez-de-chaussée ou au jardin commun !</p>
<p>Deux places de parc peuvent être louées supplementaire à frs 50.00/par mois et place.</p>
<p>Contactez-nous. Avec plaisir nous vous montrons ce bel appartement.</p>

<!-- This site is optimized with the Yoast SEO plugin v27.4 - https://yoast.com/product/yoast-seo-wordpress/ -->
<title>Objet à louer – Mon appartement. mon paradis. &#8211; Immoschwab SA à Morat et Aarberg</title>
<meta name="robots" content="index, follow, max-snippet:-1, max-image-preview:large, max-video-preview:-1" />
<link rel="canonical" href="https://www.immoschwab.ch/fr/objekt/mon-appartement-mon-paradis/" />
<meta property="og:locale" content="fr_FR" />
<meta property="og:type" content="article" />
<meta property="og:title" content="Objet à louer – Mon appartement. mon paradis. &#8211; Immoschwab SA à Morat et Aarberg" />
<meta property="og:description" content="À partir du 1er decembre 2025 nous louons un appartement de 4.5 pièces à Mûr (canton de Vaud). L&#039;appartement rénové en 2014 couvre une surface de 119 m2. La cuisine ouverte et moderne avec le salon spacieux dégage beaucoup de chaleur ! Surtout la cheminée dans le séjours donne possibilité de passer de moments de [&hellip;]" />
<meta property="og:url" content="https://www.immoschwab.ch/fr/objekt/mon-appartement-mon-paradis/" />
<meta property="og:site_name" content="Immoschwab SA à Morat et Aarberg" />
<meta property="article:publisher" content="https://www.facebook.com/immoschwabag/" />
<meta property="article:modified_time" content="2026-02-24T10:44:34+00:00" />
<meta property="og:image" content="https://www.immoschwab.ch/wp-content/uploads/2025/09/Aussicht-scaled.jpg" />
	<meta property="og:image:width" content="2048" />
	<meta property="og:image:height" content="1536" />
	<meta property="og:image:type" content="image/jpeg" />
<meta name="twitter:card" content="summary_large_image" />
<meta name="twitter:label1" content="Durée de lecture estimée" />
	<meta name="twitter:data1" content="1 minute" />
<script type="application/ld+json" class="yoast-schema-graph">{"@context":"https:\/\/schema.org","@graph":[{"@type":"WebPage","@id":"https:\/\/www.immoschwab.ch\/fr\/objekt\/mon-appartement-mon-paradis\/","url":"https:\/\/www.immoschwab.ch\/fr\/objekt\/mon-appartement-mon-paradis\/","name":"Objet à louer – Mon appartement. mon paradis. &#8211; Immoschwab SA à Morat et Aarberg","isPartOf":{"@id":"https:\/\/www.immoschwab.ch\/fr\/#website"},"primaryImageOfPage":{"@id":"https:\/\/www.immoschwab.ch\/fr\/objekt\/mon-appartement-mon-paradis\/#primaryimage"},"image":{"@id":"https:\/\/www.immoschwab.ch\/fr\/objekt\/mon-appartement-mon-paradis\/#primaryimage"},"thumbnailUrl":"https:\/\/www.immoschwab.ch\/wp-content\/uploads\/2025\/09\/Aussicht-scaled.jpg","datePublished":"2025-09-12T06:13:14+00:00","dateModified":"2026-02-24T10:44:34+00:00","breadcrumb":{"@id":"https:\/\/www.immoschwab.ch\/fr\/objekt\/mon-appartement-mon-paradis\/#breadcrumb"},"inLanguage":"fr-FR","potentialAction":[{"@type":"ReadAction","target":["https:\/\/www.immoschwab.ch\/fr\/objekt\/mon-appartement-mon-paradis\/"]}]},{"@type":"ImageObject","inLanguage":"fr-FR","@id":"https:\/\/www.immoschwab.ch\/fr\/objekt\/mon-appartement-mon-paradis\/#primaryimage","url":"https:\/\/www.immoschwab.ch\/wp-content\/uploads\/2025\/09\/Aussicht-scaled.jpg","contentUrl":"https:\/\/www.immoschwab.ch\/wp-content\/uploads\/2025\/09\/Aussicht-scaled.jpg","width":2048,"height":1536},{"@type":"BreadcrumbList","@id":"https:\/\/www.immoschwab.ch\/fr\/objekt\/mon-appartement-mon-paradis\/#breadcrumb","itemListElement":[{"@type":"ListItem","position":1,"name":"Home","item":"https:\/\/www.immoschwab.ch\/fr\/"},{"@type":"ListItem","position":2,"name":"Objet à louer","item":"https:\/\/www.immoschwab.ch\/fr\/verkaufsart\/mieten-fr\/"},{"@type":"ListItem","position":3,"name":"Mon appartement. mon paradis."}]},{"@type":"WebSite","@id":"https:\/\/www.immoschwab.ch\/fr\/#website","url":"https:\/\/www.immoschwab.ch\/fr\/","name":"Immoschwab SA à Morat et Aarberg","description":"","publisher":{"@id":"https:\/\/www.immoschwab.ch\/fr\/#organization"},"potentialAction":[{"@type":"SearchAction","target":{"@type":"EntryPoint","urlTemplate":"https:\/\/www.immoschwab.ch\/fr\/?s={search_term_string}"},"query-input":{"@type":"PropertyValueSpecification","valueRequired":true,"valueName":"search_term_string"}}],"inLanguage":"fr-FR"},{"@type":"Organization","@id":"https:\/\/www.immoschwab.ch\/fr\/#organization","name":"Immoschwab AG","url":"https:\/\/www.immoschwab.ch\/fr\/","logo":{"@type":"ImageObject","inLanguage":"fr-FR","@id":"https:\/\/www.immoschwab.ch\/fr\/#\/schema\/logo\/image\/","url":"https:\/\/www.immoschwab.ch\/wp-content\/uploads\/2023\/08\/logo-immoschwab-color.svg","contentUrl":"https:\/\/www.immoschwab.ch\/wp-content\/uploads\/2023\/08\/logo-immoschwab-color.svg","width":291,"height":65,"caption":"Immoschwab AG"},"image":{"@id":"https:\/\/www.immoschwab.ch\/fr\/#\/schema\/logo\/image\/"},"sameAs":["https:\/\/www.facebook.com\/immoschwabag\/","https:\/\/www.instagram.com\/immoschwabag\/","https:\/\/www.linkedin.com\/company\/immoschwab-ag\/"]}]}</script>
<!-- / Yoast SEO plugin. -->

Objet à louer – Mon appartement. mon paradis. &#8211; Immoschwab SA à Morat et Aarberg

À partir du 1er decembre 2025 nous louons un appartement de 4.5 pièces à Mûr (canton de Vaud). L'appartement rénové en 2014 couvre une surface de 119 m2. La cuisine ouverte et moderne avec le salon spacieux dégage beaucoup de chaleur ! Surtout la cheminée dans le séjours donne possibilité de passer de moments de [&hellip;]

Immoschwab SA à Morat et Aarberg

Objet à louer
