{"id":25208,"date":"2026-03-16T10:43:59","date_gmt":"2026-03-16T09:43:59","guid":{"rendered":"https:\/\/www.immoschwab.ch\/?post_type=objekte&#038;p=25208"},"modified":"2026-04-10T13:26:29","modified_gmt":"2026-04-10T11:26:29","slug":"attention-pret-habiter","status":"publish","type":"objekte","link":"https:\/\/www.immoschwab.ch\/fr\/objekt\/attention-pret-habiter\/","title":{"rendered":"Attention, pr\u00eat, habiter !"},"content":{"rendered":"<p>Nous louons pour le 16 juin 2026 un appartement confortable de 3 pi\u00e8ces au 1er \u00e9tage dans un endroit calme \u00e0 Aegerten.<\/p>\n<p>L'appartement convainc par son plan pratique et son atmosph\u00e8re agr\u00e9able. L'espace cuisine ouvert avec coin repas est \u00e9quip\u00e9 de carrelages faciles \u00e0 entretenir et offre suffisamment de place pour cuisiner et se d\u00e9tendre. La salle de bains dispose d'une baignoire et est \u00e9galement pourvue de carrelage.<\/p>\n<p>Les deux pi\u00e8ces sont \u00e9quip\u00e9es de sols stratifi\u00e9s et conviennent parfaitement comme chambre \u00e0 coucher, chambre d'enfant ou bureau.<\/p>\n<p>Un balcon invite \u00e0 la d\u00e9tente en plein air. En outre, un compartiment de cave fait partie de l'appartement. Une place de parking peut \u00eatre lou\u00e9e en plus si n\u00e9cessaire.<\/p>\n<p>Les commerces et les transports publics sont facilement accessibles \u00e0 pied, ce qui rend le quotidien particuli\u00e8rement pratique.<\/p>\n<p>Avons-nous \u00e9veill\u00e9 votre int\u00e9r\u00eat ? Nous nous r\u00e9jouissons de votre prise de contact<\/p>\n","protected":false},"featured_media":25207,"template":"","objektstandort":[89],"objektart":[76],"verkaufsart":[77],"class_list":["post-25208","objekte","type-objekte","status-publish","has-post-thumbnail","hentry","objektstandort-aegerten-fr","objektart-wohnung-fr","verkaufsart-mieten-fr"],"acf":[],"yoast_head":"<!-- This site is optimized with the Yoast SEO plugin v27.4 - https:\/\/yoast.com\/product\/yoast-seo-wordpress\/ -->\n<title>Objet \u00e0 louer \u2013 Attention, pr\u00eat, habiter ! &#8211; Immoschwab SA \u00e0 Morat et Aarberg<\/title>\n<meta name=\"robots\" content=\"index, follow, max-snippet:-1, max-image-preview:large, max-video-preview:-1\" \/>\n<link rel=\"canonical\" href=\"https:\/\/www.immoschwab.ch\/fr\/objekt\/attention-pret-habiter\/\" \/>\n<meta property=\"og:locale\" content=\"fr_FR\" \/>\n<meta property=\"og:type\" content=\"article\" \/>\n<meta property=\"og:title\" content=\"Objet \u00e0 louer \u2013 Attention, pr\u00eat, habiter ! &#8211; Immoschwab SA \u00e0 Morat et Aarberg\" \/>\n<meta property=\"og:description\" content=\"Nous louons pour le 16 juin 2026 un appartement confortable de 3 pi\u00e8ces au 1er \u00e9tage dans un endroit calme \u00e0 Aegerten. L&#039;appartement convainc par son plan pratique et son atmosph\u00e8re agr\u00e9able. L&#039;espace cuisine ouvert avec coin repas est \u00e9quip\u00e9 de carrelages faciles \u00e0 entretenir et offre suffisamment de place pour cuisiner et se d\u00e9tendre. [&hellip;]\" \/>\n<meta property=\"og:url\" content=\"https:\/\/www.immoschwab.ch\/fr\/objekt\/attention-pret-habiter\/\" \/>\n<meta property=\"og:site_name\" content=\"Immoschwab SA \u00e0 Morat et Aarberg\" \/>\n<meta property=\"article:publisher\" content=\"https:\/\/www.facebook.com\/immoschwabag\/\" \/>\n<meta property=\"article:modified_time\" content=\"2026-04-10T11:26:29+00:00\" \/>\n<meta property=\"og:image\" content=\"https:\/\/www.immoschwab.ch\/wp-content\/uploads\/2026\/03\/Liegenschaft-scaled.jpg\" \/>\n\t<meta property=\"og:image:width\" content=\"2048\" \/>\n\t<meta property=\"og:image:height\" content=\"1366\" \/>\n\t<meta property=\"og:image:type\" content=\"image\/jpeg\" \/>\n<meta name=\"twitter:card\" content=\"summary_large_image\" \/>\n<meta name=\"twitter:label1\" content=\"Dur\u00e9e de lecture estim\u00e9e\" \/>\n\t<meta name=\"twitter:data1\" content=\"2 minutes\" \/>\n<script type=\"application\/ld+json\" class=\"yoast-schema-graph\">{\"@context\":\"https:\\\/\\\/schema.org\",\"@graph\":[{\"@type\":\"WebPage\",\"@id\":\"https:\\\/\\\/www.immoschwab.ch\\\/fr\\\/objekt\\\/attention-pret-habiter\\\/\",\"url\":\"https:\\\/\\\/www.immoschwab.ch\\\/fr\\\/objekt\\\/attention-pret-habiter\\\/\",\"name\":\"Objet \u00e0 louer \u2013 Attention, pr\u00eat, habiter ! &#8211; Immoschwab SA \u00e0 Morat et Aarberg\",\"isPartOf\":{\"@id\":\"https:\\\/\\\/www.immoschwab.ch\\\/fr\\\/#website\"},\"primaryImageOfPage\":{\"@id\":\"https:\\\/\\\/www.immoschwab.ch\\\/fr\\\/objekt\\\/attention-pret-habiter\\\/#primaryimage\"},\"image\":{\"@id\":\"https:\\\/\\\/www.immoschwab.ch\\\/fr\\\/objekt\\\/attention-pret-habiter\\\/#primaryimage\"},\"thumbnailUrl\":\"https:\\\/\\\/www.immoschwab.ch\\\/wp-content\\\/uploads\\\/2026\\\/03\\\/Liegenschaft-scaled.jpg\",\"datePublished\":\"2026-03-16T09:43:59+00:00\",\"dateModified\":\"2026-04-10T11:26:29+00:00\",\"breadcrumb\":{\"@id\":\"https:\\\/\\\/www.immoschwab.ch\\\/fr\\\/objekt\\\/attention-pret-habiter\\\/#breadcrumb\"},\"inLanguage\":\"fr-FR\",\"potentialAction\":[{\"@type\":\"ReadAction\",\"target\":[\"https:\\\/\\\/www.immoschwab.ch\\\/fr\\\/objekt\\\/attention-pret-habiter\\\/\"]}]},{\"@type\":\"ImageObject\",\"inLanguage\":\"fr-FR\",\"@id\":\"https:\\\/\\\/www.immoschwab.ch\\\/fr\\\/objekt\\\/attention-pret-habiter\\\/#primaryimage\",\"url\":\"https:\\\/\\\/www.immoschwab.ch\\\/wp-content\\\/uploads\\\/2026\\\/03\\\/Liegenschaft-scaled.jpg\",\"contentUrl\":\"https:\\\/\\\/www.immoschwab.ch\\\/wp-content\\\/uploads\\\/2026\\\/03\\\/Liegenschaft-scaled.jpg\",\"width\":2048,\"height\":1366},{\"@type\":\"BreadcrumbList\",\"@id\":\"https:\\\/\\\/www.immoschwab.ch\\\/fr\\\/objekt\\\/attention-pret-habiter\\\/#breadcrumb\",\"itemListElement\":[{\"@type\":\"ListItem\",\"position\":1,\"name\":\"Home\",\"item\":\"https:\\\/\\\/www.immoschwab.ch\\\/fr\\\/\"},{\"@type\":\"ListItem\",\"position\":2,\"name\":\"Objet \u00e0 louer\",\"item\":\"https:\\\/\\\/www.immoschwab.ch\\\/fr\\\/verkaufsart\\\/mieten-fr\\\/\"},{\"@type\":\"ListItem\",\"position\":3,\"name\":\"Attention, pr\u00eat, habiter !\"}]},{\"@type\":\"WebSite\",\"@id\":\"https:\\\/\\\/www.immoschwab.ch\\\/fr\\\/#website\",\"url\":\"https:\\\/\\\/www.immoschwab.ch\\\/fr\\\/\",\"name\":\"Immoschwab SA \u00e0 Morat et Aarberg\",\"description\":\"\",\"publisher\":{\"@id\":\"https:\\\/\\\/www.immoschwab.ch\\\/fr\\\/#organization\"},\"potentialAction\":[{\"@type\":\"SearchAction\",\"target\":{\"@type\":\"EntryPoint\",\"urlTemplate\":\"https:\\\/\\\/www.immoschwab.ch\\\/fr\\\/?s={search_term_string}\"},\"query-input\":{\"@type\":\"PropertyValueSpecification\",\"valueRequired\":true,\"valueName\":\"search_term_string\"}}],\"inLanguage\":\"fr-FR\"},{\"@type\":\"Organization\",\"@id\":\"https:\\\/\\\/www.immoschwab.ch\\\/fr\\\/#organization\",\"name\":\"Immoschwab AG\",\"url\":\"https:\\\/\\\/www.immoschwab.ch\\\/fr\\\/\",\"logo\":{\"@type\":\"ImageObject\",\"inLanguage\":\"fr-FR\",\"@id\":\"https:\\\/\\\/www.immoschwab.ch\\\/fr\\\/#\\\/schema\\\/logo\\\/image\\\/\",\"url\":\"https:\\\/\\\/www.immoschwab.ch\\\/wp-content\\\/uploads\\\/2023\\\/08\\\/logo-immoschwab-color.svg\",\"contentUrl\":\"https:\\\/\\\/www.immoschwab.ch\\\/wp-content\\\/uploads\\\/2023\\\/08\\\/logo-immoschwab-color.svg\",\"width\":291,\"height\":65,\"caption\":\"Immoschwab AG\"},\"image\":{\"@id\":\"https:\\\/\\\/www.immoschwab.ch\\\/fr\\\/#\\\/schema\\\/logo\\\/image\\\/\"},\"sameAs\":[\"https:\\\/\\\/www.facebook.com\\\/immoschwabag\\\/\",\"https:\\\/\\\/www.instagram.com\\\/immoschwabag\\\/\",\"https:\\\/\\\/www.linkedin.com\\\/company\\\/immoschwab-ag\\\/\"]}]}<\/script>\n<!-- \/ Yoast SEO plugin. -->","yoast_head_json":{"title":"Objet \u00e0 louer \u2013 Attention, pr\u00eat, habiter ! &#8211; Immoschwab SA \u00e0 Morat et Aarberg","robots":{"index":"index","follow":"follow","max-snippet":"max-snippet:-1","max-image-preview":"max-image-preview:large","max-video-preview":"max-video-preview:-1"},"canonical":"https:\/\/www.immoschwab.ch\/fr\/objekt\/attention-pret-habiter\/","og_locale":"fr_FR","og_type":"article","og_title":"Objet \u00e0 louer \u2013 Attention, pr\u00eat, habiter ! &#8211; Immoschwab SA \u00e0 Morat et Aarberg","og_description":"Nous louons pour le 16 juin 2026 un appartement confortable de 3 pi\u00e8ces au 1er \u00e9tage dans un endroit calme \u00e0 Aegerten. L'appartement convainc par son plan pratique et son atmosph\u00e8re agr\u00e9able. L'espace cuisine ouvert avec coin repas est \u00e9quip\u00e9 de carrelages faciles \u00e0 entretenir et offre suffisamment de place pour cuisiner et se d\u00e9tendre. [&hellip;]","og_url":"https:\/\/www.immoschwab.ch\/fr\/objekt\/attention-pret-habiter\/","og_site_name":"Immoschwab SA \u00e0 Morat et Aarberg","article_publisher":"https:\/\/www.facebook.com\/immoschwabag\/","article_modified_time":"2026-04-10T11:26:29+00:00","og_image":[{"width":2048,"height":1366,"url":"https:\/\/www.immoschwab.ch\/wp-content\/uploads\/2026\/03\/Liegenschaft-scaled.jpg","type":"image\/jpeg"}],"twitter_card":"summary_large_image","twitter_misc":{"Dur\u00e9e de lecture estim\u00e9e":"2 minutes"},"schema":{"@context":"https:\/\/schema.org","@graph":[{"@type":"WebPage","@id":"https:\/\/www.immoschwab.ch\/fr\/objekt\/attention-pret-habiter\/","url":"https:\/\/www.immoschwab.ch\/fr\/objekt\/attention-pret-habiter\/","name":"Objet \u00e0 louer \u2013 Attention, pr\u00eat, habiter ! &#8211; Immoschwab SA \u00e0 Morat et Aarberg","isPartOf":{"@id":"https:\/\/www.immoschwab.ch\/fr\/#website"},"primaryImageOfPage":{"@id":"https:\/\/www.immoschwab.ch\/fr\/objekt\/attention-pret-habiter\/#primaryimage"},"image":{"@id":"https:\/\/www.immoschwab.ch\/fr\/objekt\/attention-pret-habiter\/#primaryimage"},"thumbnailUrl":"https:\/\/www.immoschwab.ch\/wp-content\/uploads\/2026\/03\/Liegenschaft-scaled.jpg","datePublished":"2026-03-16T09:43:59+00:00","dateModified":"2026-04-10T11:26:29+00:00","breadcrumb":{"@id":"https:\/\/www.immoschwab.ch\/fr\/objekt\/attention-pret-habiter\/#breadcrumb"},"inLanguage":"fr-FR","potentialAction":[{"@type":"ReadAction","target":["https:\/\/www.immoschwab.ch\/fr\/objekt\/attention-pret-habiter\/"]}]},{"@type":"ImageObject","inLanguage":"fr-FR","@id":"https:\/\/www.immoschwab.ch\/fr\/objekt\/attention-pret-habiter\/#primaryimage","url":"https:\/\/www.immoschwab.ch\/wp-content\/uploads\/2026\/03\/Liegenschaft-scaled.jpg","contentUrl":"https:\/\/www.immoschwab.ch\/wp-content\/uploads\/2026\/03\/Liegenschaft-scaled.jpg","width":2048,"height":1366},{"@type":"BreadcrumbList","@id":"https:\/\/www.immoschwab.ch\/fr\/objekt\/attention-pret-habiter\/#breadcrumb","itemListElement":[{"@type":"ListItem","position":1,"name":"Home","item":"https:\/\/www.immoschwab.ch\/fr\/"},{"@type":"ListItem","position":2,"name":"Objet \u00e0 louer","item":"https:\/\/www.immoschwab.ch\/fr\/verkaufsart\/mieten-fr\/"},{"@type":"ListItem","position":3,"name":"Attention, pr\u00eat, habiter !"}]},{"@type":"WebSite","@id":"https:\/\/www.immoschwab.ch\/fr\/#website","url":"https:\/\/www.immoschwab.ch\/fr\/","name":"Immoschwab SA \u00e0 Morat et Aarberg","description":"","publisher":{"@id":"https:\/\/www.immoschwab.ch\/fr\/#organization"},"potentialAction":[{"@type":"SearchAction","target":{"@type":"EntryPoint","urlTemplate":"https:\/\/www.immoschwab.ch\/fr\/?s={search_term_string}"},"query-input":{"@type":"PropertyValueSpecification","valueRequired":true,"valueName":"search_term_string"}}],"inLanguage":"fr-FR"},{"@type":"Organization","@id":"https:\/\/www.immoschwab.ch\/fr\/#organization","name":"Immoschwab AG","url":"https:\/\/www.immoschwab.ch\/fr\/","logo":{"@type":"ImageObject","inLanguage":"fr-FR","@id":"https:\/\/www.immoschwab.ch\/fr\/#\/schema\/logo\/image\/","url":"https:\/\/www.immoschwab.ch\/wp-content\/uploads\/2023\/08\/logo-immoschwab-color.svg","contentUrl":"https:\/\/www.immoschwab.ch\/wp-content\/uploads\/2023\/08\/logo-immoschwab-color.svg","width":291,"height":65,"caption":"Immoschwab AG"},"image":{"@id":"https:\/\/www.immoschwab.ch\/fr\/#\/schema\/logo\/image\/"},"sameAs":["https:\/\/www.facebook.com\/immoschwabag\/","https:\/\/www.instagram.com\/immoschwabag\/","https:\/\/www.linkedin.com\/company\/immoschwab-ag\/"]}]}},"_links":{"self":[{"href":"https:\/\/www.immoschwab.ch\/fr\/wp-json\/wp\/v2\/objekte\/25208","targetHints":{"allow":["GET"]}}],"collection":[{"href":"https:\/\/www.immoschwab.ch\/fr\/wp-json\/wp\/v2\/objekte"}],"about":[{"href":"https:\/\/www.immoschwab.ch\/fr\/wp-json\/wp\/v2\/types\/objekte"}],"wp:featuredmedia":[{"embeddable":true,"href":"https:\/\/www.immoschwab.ch\/fr\/wp-json\/wp\/v2\/media\/25207"}],"wp:attachment":[{"href":"https:\/\/www.immoschwab.ch\/fr\/wp-json\/wp\/v2\/media?parent=25208"}],"wp:term":[{"taxonomy":"objektstandort","embeddable":true,"href":"https:\/\/www.immoschwab.ch\/fr\/wp-json\/wp\/v2\/objektstandort?post=25208"},{"taxonomy":"objektart","embeddable":true,"href":"https:\/\/www.immoschwab.ch\/fr\/wp-json\/wp\/v2\/objektart?post=25208"},{"taxonomy":"verkaufsart","embeddable":true,"href":"https:\/\/www.immoschwab.ch\/fr\/wp-json\/wp\/v2\/verkaufsart?post=25208"}],"curies":[{"name":"wp","href":"https:\/\/api.w.org\/{rel}","templated":true}]}}

Attention, prêt, habiter !

<p>Nous louons pour le 16 juin 2026 un appartement confortable de 3 pièces au 1er étage dans un endroit calme à Aegerten.</p>
<p>L'appartement convainc par son plan pratique et son atmosphère agréable. L'espace cuisine ouvert avec coin repas est équipé de carrelages faciles à entretenir et offre suffisamment de place pour cuisiner et se détendre. La salle de bains dispose d'une baignoire et est également pourvue de carrelage.</p>
<p>Les deux pièces sont équipées de sols stratifiés et conviennent parfaitement comme chambre à coucher, chambre d'enfant ou bureau.</p>
<p>Un balcon invite à la détente en plein air. En outre, un compartiment de cave fait partie de l'appartement. Une place de parking peut être louée en plus si nécessaire.</p>
<p>Les commerces et les transports publics sont facilement accessibles à pied, ce qui rend le quotidien particulièrement pratique.</p>
<p>Avons-nous éveillé votre intérêt ? Nous nous réjouissons de votre prise de contact</p>

<!-- This site is optimized with the Yoast SEO plugin v27.4 - https://yoast.com/product/yoast-seo-wordpress/ -->
<title>Objet à louer – Attention, prêt, habiter ! &#8211; Immoschwab SA à Morat et Aarberg</title>
<meta name="robots" content="index, follow, max-snippet:-1, max-image-preview:large, max-video-preview:-1" />
<link rel="canonical" href="https://www.immoschwab.ch/fr/objekt/attention-pret-habiter/" />
<meta property="og:locale" content="fr_FR" />
<meta property="og:type" content="article" />
<meta property="og:title" content="Objet à louer – Attention, prêt, habiter ! &#8211; Immoschwab SA à Morat et Aarberg" />
<meta property="og:description" content="Nous louons pour le 16 juin 2026 un appartement confortable de 3 pièces au 1er étage dans un endroit calme à Aegerten. L&#039;appartement convainc par son plan pratique et son atmosphère agréable. L&#039;espace cuisine ouvert avec coin repas est équipé de carrelages faciles à entretenir et offre suffisamment de place pour cuisiner et se détendre. [&hellip;]" />
<meta property="og:url" content="https://www.immoschwab.ch/fr/objekt/attention-pret-habiter/" />
<meta property="og:site_name" content="Immoschwab SA à Morat et Aarberg" />
<meta property="article:publisher" content="https://www.facebook.com/immoschwabag/" />
<meta property="article:modified_time" content="2026-04-10T11:26:29+00:00" />
<meta property="og:image" content="https://www.immoschwab.ch/wp-content/uploads/2026/03/Liegenschaft-scaled.jpg" />
	<meta property="og:image:width" content="2048" />
	<meta property="og:image:height" content="1366" />
	<meta property="og:image:type" content="image/jpeg" />
<meta name="twitter:card" content="summary_large_image" />
<meta name="twitter:label1" content="Durée de lecture estimée" />
	<meta name="twitter:data1" content="2 minutes" />
<script type="application/ld+json" class="yoast-schema-graph">{"@context":"https:\/\/schema.org","@graph":[{"@type":"WebPage","@id":"https:\/\/www.immoschwab.ch\/fr\/objekt\/attention-pret-habiter\/","url":"https:\/\/www.immoschwab.ch\/fr\/objekt\/attention-pret-habiter\/","name":"Objet à louer – Attention, prêt, habiter ! &#8211; Immoschwab SA à Morat et Aarberg","isPartOf":{"@id":"https:\/\/www.immoschwab.ch\/fr\/#website"},"primaryImageOfPage":{"@id":"https:\/\/www.immoschwab.ch\/fr\/objekt\/attention-pret-habiter\/#primaryimage"},"image":{"@id":"https:\/\/www.immoschwab.ch\/fr\/objekt\/attention-pret-habiter\/#primaryimage"},"thumbnailUrl":"https:\/\/www.immoschwab.ch\/wp-content\/uploads\/2026\/03\/Liegenschaft-scaled.jpg","datePublished":"2026-03-16T09:43:59+00:00","dateModified":"2026-04-10T11:26:29+00:00","breadcrumb":{"@id":"https:\/\/www.immoschwab.ch\/fr\/objekt\/attention-pret-habiter\/#breadcrumb"},"inLanguage":"fr-FR","potentialAction":[{"@type":"ReadAction","target":["https:\/\/www.immoschwab.ch\/fr\/objekt\/attention-pret-habiter\/"]}]},{"@type":"ImageObject","inLanguage":"fr-FR","@id":"https:\/\/www.immoschwab.ch\/fr\/objekt\/attention-pret-habiter\/#primaryimage","url":"https:\/\/www.immoschwab.ch\/wp-content\/uploads\/2026\/03\/Liegenschaft-scaled.jpg","contentUrl":"https:\/\/www.immoschwab.ch\/wp-content\/uploads\/2026\/03\/Liegenschaft-scaled.jpg","width":2048,"height":1366},{"@type":"BreadcrumbList","@id":"https:\/\/www.immoschwab.ch\/fr\/objekt\/attention-pret-habiter\/#breadcrumb","itemListElement":[{"@type":"ListItem","position":1,"name":"Home","item":"https:\/\/www.immoschwab.ch\/fr\/"},{"@type":"ListItem","position":2,"name":"Objet à louer","item":"https:\/\/www.immoschwab.ch\/fr\/verkaufsart\/mieten-fr\/"},{"@type":"ListItem","position":3,"name":"Attention, prêt, habiter !"}]},{"@type":"WebSite","@id":"https:\/\/www.immoschwab.ch\/fr\/#website","url":"https:\/\/www.immoschwab.ch\/fr\/","name":"Immoschwab SA à Morat et Aarberg","description":"","publisher":{"@id":"https:\/\/www.immoschwab.ch\/fr\/#organization"},"potentialAction":[{"@type":"SearchAction","target":{"@type":"EntryPoint","urlTemplate":"https:\/\/www.immoschwab.ch\/fr\/?s={search_term_string}"},"query-input":{"@type":"PropertyValueSpecification","valueRequired":true,"valueName":"search_term_string"}}],"inLanguage":"fr-FR"},{"@type":"Organization","@id":"https:\/\/www.immoschwab.ch\/fr\/#organization","name":"Immoschwab AG","url":"https:\/\/www.immoschwab.ch\/fr\/","logo":{"@type":"ImageObject","inLanguage":"fr-FR","@id":"https:\/\/www.immoschwab.ch\/fr\/#\/schema\/logo\/image\/","url":"https:\/\/www.immoschwab.ch\/wp-content\/uploads\/2023\/08\/logo-immoschwab-color.svg","contentUrl":"https:\/\/www.immoschwab.ch\/wp-content\/uploads\/2023\/08\/logo-immoschwab-color.svg","width":291,"height":65,"caption":"Immoschwab AG"},"image":{"@id":"https:\/\/www.immoschwab.ch\/fr\/#\/schema\/logo\/image\/"},"sameAs":["https:\/\/www.facebook.com\/immoschwabag\/","https:\/\/www.instagram.com\/immoschwabag\/","https:\/\/www.linkedin.com\/company\/immoschwab-ag\/"]}]}</script>
<!-- / Yoast SEO plugin. -->

Objet à louer – Attention, prêt, habiter ! &#8211; Immoschwab SA à Morat et Aarberg

Nous louons pour le 16 juin 2026 un appartement confortable de 3 pièces au 1er étage dans un endroit calme à Aegerten. L'appartement convainc par son plan pratique et son atmosphère agréable. L'espace cuisine ouvert avec coin repas est équipé de carrelages faciles à entretenir et offre suffisamment de place pour cuisiner et se détendre. [&hellip;]

Immoschwab SA à Morat et Aarberg

Objet à louer
